(0 - 5)).
-4
What is -4 - (-2 - (1 - 2))?
-3
What is 1 - (-1 + 1) - (0 - 5)?
6
What is (1 - 3 - 0) + 3?
1
12 - (-5 + (5 - 1) + 2)
11
Evaluate -1 - (3 - 3) - -1.
0
What is the value of 71 + -76 - (-1 - 6)?
2
Evaluate (-2 - -2) + (3 - -2 - 1).
4
(17 - 0) + (-62 - -54)
9
-1 + 1 + (9 + -23 - -12)
-2
Calculate -13 - ((3 - (-5 + 7)) + -8).
-6
Calculate (-7 - (-7 + 1)) + 1 + -1.
-1
What is -3 + 3 + (1 - 3)?
-2
What is the value of (-18 - -20) + (2 - 1 - 0)?
3
3 - (0 + 5 + 1)
-3
-10 + 2 - (43 + -49)
-2
What is 2 - 0 - 1 - (-2 - -1)?
2
Evaluate 97 + -110 - (1 + -8).
-6
6 - 2 - -1 - 5 - -2
2
What is the value of 4 - (-7 + 16) - (1 - 5)?
-1
Evaluate (-8 - (2 - 6)) + 10.
6
Calculate (-4 - (-4 - 0)) + -4.
-4
-7 + (3 - -5) + 5
6
What is the value of -20 + -13 + 27 + -1?
-7
Calculate -2 + 10 - 6 - -5.
7
Calculate -5 + 2 + 0 - (-14 - -15).
-4
What is 7 + -5 + -4 + (1 - -3)?
2
What is the value of (17 - 22) + (0 - -6) - 7?
-6
What is -9 - (6 - 13) - -5?
3
What is (5 - 11) + 14 + 1?
9
Calculate -2 + (5 - ((3 - -2) + -2)).
0
What is 0 - -4 - (6 + -6)?
4
Evaluate (-9 - -9) + 2 + -3.
-1
What is the value of -2 - (2 - (12 - 5) - 0)?
3
Calculate 3 - (2 - (-3 + 1)).
-1
Calculate 3 + -1 + (56 - 57).
1
What is the value of -9 + 2 + (8 - 4) - 0?
-3
Calculate (-1 - -7) + -30 + 29.
5
Calculate 3 - ((2 - 1) + 1 + 1).
0
2 + (-20 - -25 - (13 + -1))
-5
What is the value of 1 - ((-9 + 2 - -19) + -2)?
-9
What is the value of 3 - (5 - (0 - -5))?
3
5 + -16 + 4 + -2 + 5
-4
What is the value of -2 + 2 + 9 + -9?
0
Calculate -7 + 4 + 4 - (0 + -1).
2
Evaluate (-5 - -2) + 17 + -18.
-4
What is -2 + -1 - 0 - (-23 + 27)?
-7
Calculate 2 + (2 - (0 + 7)).
-3
What is 3 + (2 - (-2 - -3)) + 1?
5
(2 - (-5 + 5)) + (-2 - 0)
0
What is the value of 1 + -3 - (2 - 4)?
0
What is the value of (2 - -1) + (-22 - -18)?
-1
What is (37 + -9 - 13) + -6?
9
What is the value of (3 - (-3 + 2)) + 31 + -34?
1
Calculate (-5 - (-4 + -4 + -1)) + -5.
-1
What is 14 + -1 + -9 - (0 + 0)?
4
What is the value of (-1 - 0) + -2 - (-3 + 0)?
0
What is 3 - (13 + (1 - (1 + 5)))?
-5
What is the value of -7 + (8 - 5 - 1)?
-5
Calculate (0 - 2) + 44 + -34.
8
Evaluate 4 + -5 + -9 + 15.
5
What is the value of (4 - -4) + 9 + -9?
8
What is 21 - 19 - (1 + (1 - 4))?
4
0 - 2 - (0 - 2)
0
What is the value of -2 + (2 - 0) - (-1 + 2)?
-1
Calculate -1 + 7 + (-14 - 7) + 22.
7
What is the value of (-4 - -2 - (8 - 12)) + 2?
4
Calculate 9 - 7 - (-5 - -3).
4
Calculate -7 + (2 - -6 - 2).
-1
6 - (-2 - (-7 + -1))
0
What is 3 - (7 - (-3 - -4) - 5)?
2
What is the value of 13 + -10 + (2 - 0 - 1)?
4
What is the value of 13 - (7 + -11 + 10) - 7?
0
Evaluate 2 + (3 - (-5 + 6 + 2)).
2
What is the value of (11 - 15) + (8 - 2) + -4?
-2
What is (-5 - -2) + 5 + -10 - -3?
-5
Evaluate 1 + (-4 - 0 - (-11 + 8)).
0
Calculate (2 - (-1 - -1)) + -1.
1
What is (-10 - -1) + (15 - 10)?
-4
What is the value of -4 - (-5 + 2) - -3?
2
What is -4 + 2 + -3 + 5?
0
-1 - 2 - (26 + -24)
-5
3 + (-3 - 8) - -4
-4
Evaluate 7 + (-13 - -9) - -1.
4
Evaluate (1 - -1 - (5 + -6)) + 2.
5
(8 - (13 + -7)) + 0
2
What is (-1 - 5) + 9 + -4 + 0?
-1
What is (-7 - (-8 + -2)) + (-4 - 7)?
-8
What is the value of 5 + -3 + 3 - 5?
0
What is (11 - 6 - -2 - 4) + -1?
2
Evaluate -7 - (0 - 4) - -6.
3
Evaluate -1 - 12 - (-21 - -15 - 0).
-7
Evaluate -2 + -3 + (4 - -1) + 3.
3
Evaluate 3 - (2 + -2) - (3 - -5).
-5
Evaluate 3 - (-3 + (2 - 0)).
4
What is 2 - (-21 + 5) - 11?
7
What is 3 - 6 - -3 - (-7 - -6)?
1
0 - (-3 + 0 - (0 - 2))
1
What is the value of 2 + 2 - -1 - 4 - 5?
-4
What is 5 + 0 + (0 + -3 - 1)?
1
What is the value of -3 + 1 - (-4 + 2)?
0
Calculate 10 - (3 + (0 - -1) - -1).
5
Calculate 77 - 73 - (-1 - -9) - -8.
4
-1 - ((0 - 4) + 2) - -3
4
Calculate 4 + 1 - (-7 + 6).
6
What is the value of 15 - 19 - (-6 - -1)?
1
13 + -9 + -7 + 4
1
What is the value of 1 + 0 + (-7 + -3 - -9)?
0
Calculate 2 - (-1 - (8 - 17)).
-6
What is 0 + 4 - (4 + -10 + 5)?
5
What is the value of -9 - -4 - -3 - (-1 - -3)?
-4
Calculate 3 - (-3 - -4 - 2).
4
Calculate 2 + (5 - 1) + (-13 - -1).
-6
Evaluate (-4 - 1) + (-3 - -3).
-5
What is 5 + (-5 + -6 - -4)?
-2
Calculate 1 + -5 + -4 + (-7 - -11).
-4
What is -8 + 3 + 10 + -3?
2
What is the value of -5 + 4 + (14 - 9)?
4
What is the value of 5 - -1 - (6 + -4)?
4
-3 - (-2 + 6) - -9
2
-4 - (3 + -1 - 6)
0
Calculate 7 + -8 + -1 - -1.
-1
What is -1 - (-4 + (15 - (8 - 1)))?
-5
Evaluate (2 - 4 - -1 - 1) + -3.
-5
What is 2 - (4 + -4) - -3?
5
Evaluate 3 - (4 + 1) - (1 - 4).
1
What is 9 - (21 + (-4 - 1))?
-7
Evaluate (-12 + 32 - 7) + -7.
6
Evaluate 3 - (-2 - 2 - (5 - 8)).
4
Calculate 3 - (1 + -7 + 11) - 0.
-2
What is the value of 13 + 7 + (12 - 37)?
-5
Evaluate 9 + -6 + 0 - (0 - 0).
3
51 + -48 - (10 - 1)
-6
What is -12 + 1 + -2 - -5?
-8
Calculate 9 - 7 - -3 - 7.
-2
What is the value of 3 + (-13 - (-7 - (-4 + 0)))?
-7
What is 0 + -6 + 91 + -90?
-5
Calculate -7 + 2 + (10 - 10).
-5
What is -6 + 16 + 2 + -7?
5
What is the value of -2 + (2 - -4) + -6?
-2
What is -2 + -5 + (16 - (-19 - -38))?
-10
Evaluate -9 - (-4 - 0) - (-4 - -2).
-3
-9 - (4 - (19 + -5))
1
What is 14 + -6 + -10 + (-6 - -1)?
-7
2 + (-3 - -1) - (12 + -9)
-3
-5 - (-11 + (8 - 1))
-1
Evaluate (1 - 1) + (1 - (-8 - -6)).
3
Calculate -3 - (3 + 2 + -7 - -2).
-3
29 + -39 - (-1 + 0)
-9
What is -4 + 5 - (7 + 0) - -1?
-5
2 + -5 + 2 - (0 + 3)
-4
Evaluate 19 + -17 - (1 - 5).
6
Calculate (-2 - 4) + 7 - 3.
-2
What is (1 - (3 + -2 + 2)) + 7?
5
Calculate -7 + 6 + 11 - 7 - 3.
0
What is the value of -4 + (2 - (1 - (2 + -1)))?
-2
Calculate -1 + 6 - (2 + 1) - 2.
0
Evaluate -7 - -2 - -4 - -2 - -3.
4
Evaluate -6 + 0 + 4 + -8 + 5.
-5
-1 - (13 - 17 - (1 + -2))
2
Evaluate 7 + (5 + -5 - 7 - 8).
-8
-9 + (6 - 0) + -3
-6
Calculate -13 - (-26 - -13) - -8.
8
Evaluate (1 - 3) + 2 - 5.
-5
Evaluate -4 + 21 + (-6 - -3) - 7.
7
What is (2 - 3) + (-1 - -7)?
5
Calculate 0 - (-4 - 1) - 6.
-1
Calculate 2 + -4 + (-7 - 1 - -6).
-4
Evaluate -2 + 5 - 8 - -4.
-1
-15 - 1 - -10 - -8
2
(-5 - (0 - 1)) + 3
-1
Calculate 2 + 8 + -7 - (0 - 2).
5
-3 + (1 - 2) + (30 - 25)
1
What is 1 + (-2 - 1) + (3 - 0)?
1
Evaluate (0 - 3 - 1) + 8.
4
Calculate -5 - (2 + -3 + -2 - 0).
-2
Calculate -16 - (1 + (-6 - 8)).
-3
Evaluate -6 + (-3 - (1 + -9) - -4).
3
Evaluate -3 + (1 - -8) - 0.
6
What is the value of -4 + 2 + 4 + -10 + 4?
-4
Evaluate -7 - (11 - 9) - -18.
9
-12 + 8 + (-2 - -6) - -7
7
Calculate (1 - 6) + 0 + (-23 - -27).
-1
What is the value of -4 + -1 + 2 + 7 + -3?
1
Calculate 2 - (4 - -2) - -1 - -3.
0
Calculate 2 + 5 + -5 + -3 + 6.
5
Calculate 5 - 0 - (-6 + 12) - 3.
-4
What is the value of 9 + -3 - ((-4 - -8) + 5)?
-3
(2 - (-5 + 11)) + 2 + -1
-3
What is the value of 0 - -1 - 11 - -8?
-2
Evaluate 7 - (16 - 7 - 6).
4
What is 1 + (4 - (-2 - -6)) - -4?
5
Evaluate -4 - (4 + -5) - (-1 - 0).
-2
(0 - 1 - (17 + -14)) + 6
2
What is the value of -4 - -12 - ((-2 - 0) + 6)?
4
Evaluate (1 - 4) + -6 + 9 + 6.
6
What is the value of 3 - (3 + (5 - 3)) - -3?
1
Calculate -10 + 4 + -7 + 4 + 2.
-7
Evaluate -74 - -82 - (-1 + 1).
8
Evaluate -4 - (-5 - (4 + -8 + -2)).
-5
Evaluate 1 + (1 - 0) - (8 + -7).
1
What is the value of -4 - (-1 + -1 + 3)?
-5
-1 + (3 - (-1 - -1))
2
-1 + 7 + 1 + 14 + -20
1
Evaluate 4 - (12 + -4 + -3).
-1
What is the value of (4 - 0) + -4 - -13 - 8?
5
What is the value of (2 - (4 + 3)) + -4 + 2?
-7
10 + (-8 - 2) - -2
2
Calculate -5 + (-2 - -12) - -1.
6
Evaluate -6 - ((5 - 4) + 2).
-9
Evaluate -6 - -3 - ((2 - 6) + 4).
-3
Calculate -7 + 1 - -5 - 2.
-3
What is -4 + (-6 - -5) + 6 - -1?
2
What is 0 + -3 + -2 - (7 + -12)?
0
What is the value of -3 + 1 + 4 - (38 + -40)?
4
Evaluate (-2 - (9 + (8 - 11))) + 8.
0
What is 6 - (5 + -3 + 3)?
1
What is (7 - (7 - 7)) + -14 + 4?
-3
9 + (7 - 2) + -7
7
What is the value of (4 - (-3 + 11)) + 0 + 3?
-1
0 + -2 - (-84 - -77)
5
What is the value of (3 - (-3 + 10)) + 1 + 2?
-1
Evaluate (-16 - -19 - -2) + (-2 - 0).
3
Evaluate -1 - -4 - (14 - 9).
-2
-4 - (-11 - ((3 - 6) + -1))
3
What is (5 - 0) + -7 + 1?
-1
Evaluate 1 - (3 - (0 - 1 - -3)).
0
Evaluate (52 - 52) + (0 + 3 - 0).
3
Evaluate (-8 - -1) + 6 - (0 - 1).
0
Evaluate -7 - (-3 - (-2 - -1)).
-5
What is the value of 1 - (5 + -7 - -4) - -7?
6
Calculate (0 - -7) + 1 + -3 + -11.
-6
Calculate -1 - (3 - 3 - (4 + -1)).
2
Calculate (-3 - 2) + 10 + -1.
4
-16 + 8 - -8 - -4
4
What is -22 - (-23 + 0 + 10)?
-9
What is the value of (7 - 10) + 10 + -6